= t + g. What is the hundreds digit of z?
1
Let j = -603 + 1191. Suppose 0 = 2*x + r + j, -5*r - 9 = 11. What is the tens digit of 4/(576/x + 2)?
4
What is the hundreds digit of 153/(-17) + 21 - -13034?
0
Suppose 5*y = -3*g + 60134, 5*g + 36*y - 100216 = 35*y. What is the tens digit of g?
4
Suppose 2*l + 5*x - 65564 = 0, 2*l + 9*x - 63256 - 2284 = 0. What is the ten thousands digit of l?
3
Suppose -4*m = s - 0*m + 2, -30 = 2*s - 5*m. Let c = s + -15. Let n = 0 - c. What is the tens digit of n?
2
Let q(m) = m**2 + 7*m - 1. Suppose -26*l = -30*l - 40. Let p be q(l). Let w = p - 5. What is the units digit of w?
4
Suppose 3*h = 38*q - 36*q + 33783, 2*h - 4*q = 22514. What is the units digit of h?
3
Let s(f) = -12*f**3 + 10*f**2 - 16*f + 22. Let l(x) = -2*x**3 - x**2 + x. Let v(o) = -6*l(o) - s(o). What is the units digit of v(3)?
0
Suppose -14*x + 20782 = -38984. What is the units digit of x?
9
Suppose 26*j - 1836479 = -147*j + 4136519. What is the hundreds digit of j?
5
What is the tens digit of 171/(-2907) + (-109498)/(-17)?
4
Let w(n) = 21*n**3 - n**2 - 9*n + 12. Let v(f) = -21*f**3 + 2*f**2 + 10*f - 12. Let l(d) = 3*v(d) + 4*w(d). What is the units digit of l(3)?
9
Let c = 769 + -362. Let a = c + -265. Let s = -105 + a. What is the tens digit of s?
3
Suppose 4*m = 7*m - 15. Suppose -y - m*z = 431, z - 6 = -3. Let d = 650 + y. What is the units digit of d?
4
Let w be 58 - (3 + 4 + -9). Suppose -5*s - 10*s = 0. Suppose -4*u + 5*l + 207 = s, -u + w = 4*l + 3. What is the tens digit of u?
5
Suppose 0 = -5*p + k + 578, 0 = -4*k + 3*k - 3. Let h = 207 - -338. Suppose f + 5*j - p = 0, 4*f = -2*j - j + h. What is the units digit of f?
0
Let s(w) = 16 + w**2 + 2 + 2084*w - 2070*w. Let j be s(-8). What is the units digit of (-2)/6 + (-2440)/j?
1
Suppose -10*k - 4*u + u + 253496 = 0, -25347 = -k + u. What is the hundreds digit of k?
3
Let m(v) = 43*v - 1633 + 43*v + 1669. What is the tens digit of m(8)?
2
Suppose -5*s = 2*b - 6*b - 851, 514 = 3*s + b. Let k = s + 46. What is the hundreds digit of k?
2
Suppose f = 6*c - 17282 - 33405, 2*c - f - 16895 = 0. What is the hundreds digit of c?
4
Suppose -n + 2*n - 176 = -3*a, 2*n + 128 = 2*a. Let f = a + -3. Suppose 3*k + 3*v - 216 = 0, v + 3*v = k - f. What is the tens digit of k?
6
What is the hundreds digit of -1*((2388/18)/2)/(7/(-987))?
3
Let w = -45 + 38. Let y be (3/6)/(6/1524). Let n = y + w. What is the hundreds digit of n?
1
Suppose -82112 + 271696 = 41*p. What is the tens digit of p?
2
Let k(u) = 6*u**2 - 28*u + 91. Let d be 33/2 - (-213)/142. What is the thousands digit of k(d)?
1
Let d be -3*(-2)/(-4)*(-4 - -2). Suppose d*v - 9 = -0, -2*j + 3 = v. Suppose j = -5*m - 93 + 653. What is the hundreds digit of m?
1
What is the tens digit of 2*2*(2243 - -21)?
5
Let k(s) = -4*s. Let j be k(0). Suppose j = -0*l + 3*l, l = 4*t - 20. Suppose -5*x + 8 = t*c - 17, 3*c + 3 = -x. What is the units digit of x?
9
Let f = -179 + 178. What is the tens digit of (5/40*38)/(f/(-4))?
1
Let o be -6 - 4*4/(-16) - -117. Let i = o + -96. What is the units digit of i?
6
Let t(b) = -5*b**3 + b**2 - 11*b - 6. Let c be t(-3). Suppose -2*h - c = -175. Suppose -h*l - 3*q + 562 = -4*q, -1408 = -5*l + q. What is the tens digit of l?
8
Suppose -25*t + 5071 = 3*o - 24*t, -5*t = -3*o + 5083. What is the thousands digit of o?
1
Let z(a) = 23*a + 22 + 4*a**2 + 4*a**2 - 32*a + a**3 + 0*a**3. Suppose -3*l - 16 - 11 = 2*u, -u + 3*l = 0. What is the units digit of z(u)?
2
Let l(y) = -y**3 - 22*y**2 + 43*y - 16. Suppose 0 = 3*v - q + 71, q = 2*v - 5*v - 73. What is the hundreds digit of l(v)?
1
Suppose 12*r = 45 + 51. Suppose -3773 = -r*d + d. What is the units digit of d?
9
Let n(f) = f**2 + 7*f - 4. Let t be n(-5). Suppose -4*j + 2183 = -1337. What is the tens digit of (-2)/t - j/(-14)?
6
Let o be 3/(-27) + (-11067)/27. What is the units digit of (o - 1)*(-96)/72?
8
Let h(y) = -y**3 - 18*y**2 + 17*y + 15. Let n(d) = -d**2 - d**3 - 7*d**2 + 18*d - 11*d**2 + 15. Let w(s) = -4*h(s) + 5*n(s). What is the tens digit of w(-24)?
6
Let j be (0 + -3)*(1 + -2 + -2). What is the tens digit of 3/(j/1029) - (0 + -1)?
4
Let z(b) = b**3 - 23*b**2 + 34*b + 32. Let u be 20/(-70) - ((-680)/28 + 1). What is the hundreds digit of z(u)?
8
Suppose 4*h = -3*g + 609, -1 = g - 0. Suppose 7*c - 27 = -h. Let v = c - -27. What is the units digit of v?
9
Suppose 0 = 21*n - 17*n - 2*y - 73278, 0 = -3*n - y + 54971. What is the units digit of n?
2
Let g(o) = -2*o**2 - o + 1. Let k(d) = 7*d**2 - 9*d - 24. Let m(c) = -4*g(c) - k(c). What is the tens digit of m(-18)?
1
Suppose -2*h = -5*w + 24545, -2*w - 67*h = -71*h - 9802. What is the units digit of w?
1
Suppose -54868 = -2*p - 2*h, -4*p - 68*h + 109735 = -63*h. What is the units digit of p?
5
Let g be (-8061)/(-45) + (-2)/15. Suppose 651 = 2*i + g. What is the hundreds digit of i?
2
Suppose 3*w = -9*m + 10*m + 135478, 5*w - 225810 = -m. What is the units digit of w?
1
Let b = -11442 + 23155. What is the ten thousands digit of b?
1
Suppose -m + 5*m = -252. Suppose -2*n - 119 + 27 = 0. Let g = n - m. What is the units digit of g?
7
Suppose -6 = 3*b, -50*b + 45*b = -2*a - 6600. Let o = -2271 - a. What is the units digit of o?
4
Let g(k) = 2*k**2 + 15*k + 92. Let u be g(-7). Suppose 5*z - u = 4*o, -2*o - 38 = -4*z + 30. What is the units digit of z?
7
Suppose -30*u = -26*u + 756. Let l = 138 - u. What is the units digit of l?
7
Let d be 10*2/4 - 3/(-1). Suppose 24 = -d*v + 2*v. What is the units digit of ((-14)/v - 5)/(3/(-100))?
0
Let t = 21 - -13. Let s = t + -34. What is the tens digit of (9 - -58) + s/1?
6
Let z(d) be the third derivative of -475*d**4/12 + d**3/3 - 2*d**2 - 11. What is the units digit of z(-1)?
2
Suppose 2*r + 16*r = 72220 + 26330. What is the thousands digit of r?
5
Suppose 0 = 3*h - 2*a - 12377, -45*h + 4*a = -41*h - 16500. What is the tens digit of h?
2
Suppose 0 = 4*w - 9 - 3. Suppose 1585 = -30*m + 1645. Suppose w*v - v = 3*o + 150, -m*o + 284 = 4*v. What is the units digit of v?
2
Suppose -240*l - 8 = -238*l, 2*l = -3*g + 44545. What is the tens digit of g?
5
Let k = 364 - -336. Suppose 4*i = -j + k, 8*j = 4*j + 4*i + 2820. What is the tens digit of j?
0
Let u(m) be the second derivative of m**4/6 - 5*m**3/6 + m**2 + m. Suppose 2*d - 3*h - 29 = 0, 5*d + 33*h - 28*h = 10. What is the units digit of u(d)?
5
Suppose 121*t = 128*t + 112. What is the units digit of (t + 13 - (-3670)/(-2))/(-2)?
9
Let t(q) = -2*q**2 + q + 16. Let m = 15 + -53. Let i = -38 - m. What is the tens digit of t(i)?
1
Let y = -59 + 62. Suppose 1168 + 101 = m + y*f, 3*f = -12. What is the tens digit of m?
8
Suppose 2*u - 2 = 0, 3*c + 81*u = 76*u + 32. Let h(b) = 6*b**2 + 3. Let o be h(-5). Suppose o + 171 = c*i. What is the tens digit of i?
3
Let g(l) = l**3 + 3*l**2 - 12*l + 16. Let o = 307 - 303. What is the units digit of g(o)?
0
Let j = -3754 - -14209. What is the thousands digit of j?
0
Let o = 53 + -50. Suppose 173 = -o*f + 4*f. What is the tens digit of f?
7
Suppose 4*f - 28 - 20 = 0. Suppose f = 4*a, -1317 = -4*l - a - 2*a. What is the tens digit of l?
2
Let x(a) = a**3 - 3*a**2 + 74*a - 5. What is the hundreds digit of x(14)?
1
Let v(h) = -h**3 - 11*h**2 + 11*h - 12. Let l be v(-9). Let y = -502 - l. Let t = y + 369. What is the tens digit of t?
4
What is the hundreds digit of (2/3)/(355045/355035 + -1)?
6
Let u = -876 - -880. Suppose v + 2726 = 2*m, -u*m + 5*v + 7047 = 1589. What is the hundreds digit of m?
3
Let k = -104 - 20. Let v = -89 - k. What is the tens digit of v/(10/2) + (2 - -1)?
1
Let f be 2/(2 - (-27)/(-14)). What is the units digit of ((-2)/6)/((f/5565)/(-4))?
5
Suppose -6*x + 3 = -5*x. Suppose -84 = x*k + 2*y - 964, 4*y + 1474 = 5*k. What is the tens digit of k?
9
Suppose 1 = -6*h + 61. Suppose -h*j = -11*j. Suppose 3*v - 2*d - 93 = 0, -3*v + 4*v - 3*d - 24 = j. What is the tens digit of v?
3
Let z(x) = x**3 - 1. Let d be z(-2). Let m(j) = 53*j**2 - 52*j**2 + 5*j - j + 2*j + 21. What is the tens digit of m(d)?
4
Suppose -5*l + 4*v + 469100 = 9*v, -2*l + v = -187625. What is the tens digit of l?
1
Let l = 1793 + 10270. What is the units digit of l?
3
Let m = -38 - -75. Suppose -3*u + 56 = -m. What is the units digit of 6*u/3 + 1 + -3?
0
Suppose -45*m + 47*m - 10582 = 0. What is the units digit of m?
